nder when 2997667 is divided by 225?
217
Calculate the remainder when 52698719 is divided by 15.
14
What is the remainder when 26544287 is divided by 2444?
3
Calculate the remainder when 23450037 is divided by 763.
758
Calculate the remainder when 35116255 is divided by 933.
1
Calculate the remainder when 2556200 is divided by 31173.
14
What is the remainder when 114171 is divided by 112?
43
Calculate the remainder when 9226761 is divided by 1332.
1329
What is the remainder when 4890315 is divided by 489031?
5
What is the remainder when 9751203 is divided by 1031?
5
What is the remainder when 180389 is divided by 30008?
341
What is the remainder when 275911 is divided by 135?
106
What is the remainder when 9253423 is divided by 1196?
1167
Calculate the remainder when 1061960849 is divided by 873.
872
Calculate the remainder when 3147247 is divided by 1226.
105
Calculate the remainder when 9198076 is divided by 167.
50
Calculate the remainder when 164497 is divided by 2363.
1450
What is the remainder when 306334 is divided by 13922?
50
What is the remainder when 1073576 is divided by 285?
266
Calculate the remainder when 1108370 is divided by 82.
58
What is the remainder when 103262289 is divided by 5564?
13
Calculate the remainder when 12487908 is divided by 362.
356
What is the remainder when 709990244 is divided by 1069?
1066
What is the remainder when 98141 is divided by 4906?
21
What is the remainder when 44661940 is divided by 234?
232
Calculate the remainder when 248603381 is divided by 107.
9
What is the remainder when 113927928 is divided by 2410?
2408
What is the remainder when 773598 is divided by 257526?
1020
What is the remainder when 778830 is divided by 388996?
838
Calculate the remainder when 237556 is divided by 1170.
46
Calculate the remainder when 1835142 is divided by 611456.
774
Calculate the remainder when 658591 is divided by 3197.
9
What is the remainder when 580058 is divided by 21?
17
Calculate the remainder when 64515692 is divided by 275708.
20
Calculate the remainder when 532791 is divided by 2175.
2091
Calculate the remainder when 566836 is divided by 566822.
14
Calculate the remainder when 3359426 is divided by 489.
485
Calculate the remainder when 12983 is divided by 665.
348
Calculate the remainder when 86885 is divided by 290.
175
What is the remainder when 55232 is divided by 3489?
2897
Calculate the remainder when 143209186 is divided by 27.
25
What is the remainder when 1321656 is divided by 132163?
26
What is the remainder when 36611399 is divided by 1400?
1399
Calculate the remainder when 91803 is divided by 257.
54
Calculate the remainder when 182785 is divided by 3143.
491
Calculate the remainder when 537213 is divided by 200.
13
Calculate the remainder when 1163725 is divided by 387893.
46
Calculate the remainder when 229827 is divided by 37.
20
What is the remainder when 11019 is divided by 2990?
2049
Calculate the remainder when 126874 is divided by 5235.
1234
What is the remainder when 26674032 is divided by 81?
3
What is the remainder when 22426 is divided by 2678?
1002
What is the remainder when 4002008 is divided by 202?
186
Calculate the remainder when 3639969 is divided by 62.
11
What is the remainder when 1753471 is divided by 1002?
973
What is the remainder when 14905997 is divided by 601?
596
What is the remainder when 45694 is divided by 54?
10
What is the remainder when 161157 is divided by 5370?
57
Calculate the remainder when 6809447 is divided by 37.
4
What is the remainder when 801511 is divided by 405?
16
Calculate the remainder when 2116740 is divided by 529182.
12
What is the remainder when 1575622 is divided by 2626?
22
Calculate the remainder when 4003010 is divided by 177.
155
What is the remainder when 3896 is divided by 2129?
1767
Calculate the remainder when 80884 is divided by 1428.
916
What is the remainder when 945302 is divided by 1220?
1022
Calculate the remainder when 2336641 is divided by 179741.
8
What is the remainder when 1134231 is divided by 70888?
23
What is the remainder when 1193136 is divided by 935?
76
What is the remainder when 1885903 is divided by 276?
271
Calculate the remainder when 330855 is divided by 41286.
567
Calculate the remainder when 130252 is divided by 10777.
928
What is the remainder when 12390091 is divided by 654?
61
Calculate the remainder when 897684860 is divided by 272.
268
Calculate the remainder when 136376 is divided by 65167.
6042
What is the remainder when 312904 is divided by 4075?
3204
Calculate the remainder when 1037363 is divided by 259334.
27
Calculate the remainder when 2755827 is divided by 684.
675
What is the remainder when 45953415 is divided by 528?
519
Calculate the remainder when 3080686 is divided by 9.
4
What is the remainder when 12653035 is divided by 9?
7
What is the remainder when 92604 is divided by 15?
9
Calculate the remainder when 15316442 is divided by 5105477.
11
What is the remainder when 103329034 is divided by 2656?
10
What is the remainder when 4133571 is divided by 1377635?
666
What is the remainder when 56933459 is divided by 2350?
9
What is the remainder when 661523 is divided by 187?
104
Calculate the remainder when 2971722 is divided by 4778.
4584
Calculate the remainder when 15745 is divided by 167.
47
Calculate the remainder when 5839677 is divided by 9881.
6
What is the remainder when 1617487 is divided by 764?
99
Calculate the remainder when 21103701 is divided by 8830.
1
What is the remainder when 4632812 is divided by 2237?
2222
What is the remainder when 70372 is divided by 682?
126
Calculate the remainder when 7992 is divided by 1690.
1232
What is the remainder when 149090 is divided by 169?
32
Calculate the remainder when 8590234 is divided by 1112.
34
What is the remainder when 1647050 is divided by 205529?
2818
What is the remainder when 5098077 is divided by 1019600?
77
What is the remainder when 413851055 is divided by 753?
749
Calculate the remainder when 698375 is divided by 349151.
73
What is the remainder when 3177397 is divided by 23?
16
What is the remainder when 150556 is divided by 20228?
8960
Calculate the remainder when 255456 is divided by 1503.
1449
Calculate the remainder when 587678 is divided by 39178.
8
What is the remainder when 24465232 is divided by 2240?
2192
What is the remainder when 4045288 is divided by 550?
38
Calculate the remainder when 3261525 is divided by 2333.
2324
What is the remainder when 264435 is divided by 1663?
18
What is the remainder when 130097 is divided by 465?
362
Calculate the remainder when 1558078 is divided by 2758.
2566
Calculate the remainder when 45669 is divided by 20.
9
What is the remainder when 55814 is divided by 2064?
86
Calculate the remainder when 74651154 is divided by 37325554.
46
Calculate the remainder when 816287 is divided by 50.
37
What is the remainder when 5218 is divided by 904?
698
Calculate the remainder when 81223096 is divided by 4123.
4119
What is the remainder when 293589 is divided by 96?
21
What is the remainder when 1102001 is divided by 71?
10
What is the remainder when 493575 is divided by 838?
831
Calculate the remainder when 69396194 is divided by 23132060.
14
Calculate the remainder when 700164 is divided by 10754.
1154
What is the remainder when 11552055 is divided by 8?
7
What is the remainder when 956831 is divided by 274?
23
Calculate the remainder when 868373 is divided by 13.
12
Calculate the remainder when 231806136 is divided by 97.
95
What is the remainder when 625472 is divided by 2157?
2099
Calculate the remainder when 4797993 is divided by 99957.
57
Calculate the remainder when 1899862 is divided by 19.
14
Calculate the remainder when 21208505 is divided by 179733.
11
Calculate the remainder when 933677 is divided by 12314.
10127
What is the remainder when 4360290 is divided by 5311?
5270
What is the remainder when 585288 is divided by 194985?
333
Calculate the remainder when 574654 is divided by 11719.
423
Calculate the remainder when 56912 is divided by 2870.
2382
Calculate the remainder when 2737487 is divided by 547486.
57
What is the remainder when 411101 is divided by 12036?
1877
Calculate the remainder when 855222 is divided by 427607.
8
What is the remainder when 1505940 is divide